(-93).
-317
Let h(w) = -w**3 - 315*w**2 + 1290*w + 3891. Give h(-319).
-575
Let x(z) = -4*z**3 - 286*z**2 - 143*z + 237. Give x(-71).
308
Let t(s) = -s**3 - 210*s**2 + 6407*s + 1882. Determine t(-237).
-14
Let r(t) = -136863*t + 547447. Determine r(4).
-5
Let o(u) = 4*u**2 - 4534*u + 119521. Give o(27).
19
Let x(k) = -214*k**2 + 415*k - 11. Give x(2).
-37
Let u(p) = p**3 - 41*p**2 + 169*p + 129. Calculate u(36).
-267
Let y(h) = h**3 + 52*h**2 - 1363*h - 302. Calculate y(-71).
692
Let b(z) = -7*z**3 + 181*z**2 - 314*z + 46. Calculate b(24).
-2
Let b(d) = -d**3 + 87*d**2 - 574*d - 173. Give b(80).
-1293
Let d(f) = 3053*f - 500688. Give d(164).
4
Let s(r) = -5723*r - 45575. What is s(-8)?
209
Let o(y) = -3*y**3 - 4*y**2 + 37*y + 293. Give o(5).
3
Let q(f) = 1050*f - 12561. Give q(12).
39
Let s(l) = -55*l**3 + 330*l**2 + 51*l - 300. What is s(6)?
6
Let i(h) = 439121*h - 3512955. Calculate i(8).
13
Let n(i) = -14*i + 2007. Determine n(55).
1237
Let k(u) = u**2 - 917*u - 35364. Determine k(-37).
-66
Let w(d) = -9224*d + 64593. Determine w(7).
25
Let s(n) = 4*n**3 - 6141*n**2 + 7657*n + 19933. Calculate s(1534).
-9
Let x(i) = -2038*i**2 - 18339*i - 5. What is x(-9)?
-32
Let f(v) = 4190*v + 33516. Calculate f(-8).
-4
Let t(p) = -4*p**2 - p + 40. What is t(10)?
-370
Let i(c) = -3364*c + 3372. Determine i(1).
8
Let x(j) = 1788*j**3 - 15*j**2 - 86*j - 72. Calculate x(-1).
-1789
Let n(b) = -692428*b - 9693986. What is n(-14)?
6
Let m(a) = 2*a**2 - 757*a + 8110. What is m(11)?
25
Let w(a) = -a**3 - 102*a**2 + 300*a - 8. Calculate w(-105).
1567
Let m(z) = z**2 - 3884*z + 888161. Give m(244).
1
Let a(j) = -19044*j + 399887. Determine a(21).
-37
Let q(k) = 166*k**2 - 6302*k - 55. What is q(38)?
173
Let u(k) = -9125*k - 9118. Calculate u(-1).
7
Let y(k) = k**2 + 6651*k - 1782512. What is y(258)?
10
Let t(l) = 33*l**3 + 28*l**2 + 45*l - 7. Give t(-2).
-249
Let i(a) = -a**2 + 15261*a + 950033. Determine i(-62).
7
Let l(g) = g**3 + 217*g**2 - 424*g + 2848. What is l(-219)?
-218
Let c(a) = -2317*a + 377679. Determine c(163).
8
Let c(q) = -87393*q + 3146136. Determine c(36).
-12
Let a(f) = 1657*f**2 + 38112*f + 11. Calculate a(-23).
-12
Let m(w) = -14*w**3 - 422*w**2 - 3041*w + 83. Calculate m(-12).
-1
Let l(g) = 377421*g - 2641948. Calculate l(7).
-1
Let a(y) = -44651*y + 2321862. Calculate a(52).
10
Let w(h) = 6*h**2 - 17*h + 12. What is w(3)?
15
Let c(z) = z**3 - 38*z**2 - 143*z + 8661. Calculate c(35).
-19
Let c(b) = -b**3 + 62*b - 75. Give c(14).
-1951
Let k(o) = -114766*o + 114786. Calculate k(1).
20
Let m(j) = 2*j**3 + 222*j**2 + 3770*j - 206. Determine m(-21).
4
Let i(k) = k**3 - 456*k**2 + 51952*k + 1629. Give i(233).
-2
Let k(s) = 2*s**3 - 108*s**2 + 128*s + 4157. Give k(52).
-3
Let g(p) = -22143*p - 354318. Give g(-16).
-30
Let p(r) = -8*r**3 + 213*r**2 - 130*r + 17. What is p(26)?
17
Let o(f) = 380*f**2 - 2707*f + 312. What is o(7)?
-17
Let k(u) = 3*u**3 + 166*u**2 - 60*u - 6242. Give k(-55).
83
Let s(p) = -2*p**2 + 2483*p - 58452. Determine s(24).
-12
Let k(j) = 61187*j + 7281325. Calculate k(-119).
72
Let g(m) = 10*m**2 + 1338*m - 375. Calculate g(-134).
-107
Let h(n) = n**2 - 6443*n - 142322. Give h(-22).
-92
Let z(s) = -59*s**2 + 49*s + 158. Give z(-3).
-520
Let b(f) = -3*f**2 - 27355*f + 246439. What is b(9)?
1
Let y(l) = 19*l**2 + 790*l + 2308. Calculate y(-38).
-276
Let v(n) = n**2 + 32088*n - 4058978. What is v(126)?
-14
Let z(i) = 1600*i + 588886. Give z(-368).
86
Let x(q) = 3*q**3 - 1992*q**2 + 1984*q + 3317. Determine x(663).
2
Let j(h) = -9*h**2 + 92*h - 1531. Give j(23).
-4176
Let m(y) = -3826*y - 87625. What is m(-23)?
373
Let i(j) = -j**3 - 18*j**2 - 3587*j - 60575. What is i(-17)?
115
Let f(l) = -6885*l - 34419. Calculate f(-5).
6
Let b(v) = 897*v + 143763. Give b(-160).
243
Let v(s) = 287*s + 59983. Determine v(-209).
0
Let s(c) = -c**2 - 631*c - 3156. What is s(-5)?
-26
Let c(f) = 15666*f + 219354. Determine c(-14).
30
Let z(r) = -3*r**2 + 396*r - 9645. Calculate z(101).
-252
Let t(z) = -45*z**2 + 7421*z + 677. Determine t(165).
17
Let q(z) = z**2 - 6536*z + 175729. Determine q(27).
-14
Let r(z) = 27635*z + 27649. Give r(-1).
14
Let p(x) = 465*x - 12052. Determine p(25).
-427
Let q(x) = x**2 - 107*x - 2281. Calculate q(127).
259
Let b(l) = l**3 + 20*l**2 + 44*l - 2. What is b(-17)?
117
Let n(g) = 2321*g**2 - 7*g - 309. Calculate n(0).
-309
Let r(d) = d**2 + 2160*d - 30144. Give r(14).
292
Let s(p) = 3*p**3 - 302*p**2 + 203*p - 312. Calculate s(100).
-12
Let f(x) = -x**2 - 346*x - 19584. Give f(-275).
-59
Let z(n) = 4*n**3 + 22*n**2 - 610*n - 3018. What is z(-5)?
82
Let q(c) = -186325*c - 745274. Give q(-4).
26
Let a(g) = 390*g + 1728. Calculate a(-4).
168
Let h(b) = b**3 + 22*b**2 - 181*b - 54. Calculate h(6).
-132
Let o(j) = -j**2 + 238*j - 5604. What is o(26)?
-92
Let x(d) = -58*d - 3980. Give x(-66).
-152
Let y(f) = 1875*f**2 + 7311*f - 686. Calculate y(-4).
70
Let z(v) = 13*v**2 + 416*v + 1455. Give z(-4).
-1
Let l(d) = -d**3 + 22*d**2 - 51*d - 684. Calculate l(16).
36
Let w(y) = -y**3 - 39*y**2 + 7*y - 230. What is w(-39)?
-503
Let q(d) = 483*d + 57269. Determine q(-119).
-208
Let u(g) = 6*g**2 - 640*g - 3530. Give u(-6).
526
Let v(w) = 819*w**2 + 8193*w + 28. Determine v(-10).
-2
Let l(o) = 4*o**3 + 27*o**2 - 82*o + 3. What is l(-6)?
603
Let w(c) = c**3 - 130*c**2 - 671*c - 507. Determine w(135).
33
Let m(a) = -2*a**3 - 11*a**2 + 171*a - 13. What is m(7)?
-41
Let d(w) = -2746*w - 31497. Give d(-11).
-1291
Let l(m) = 2*m**2 + 37*m - 86. Give l(-35).
1069
Let h(i) = -419*i - 99049. What is h(-236)?
-165
Let c(o) = 155*o**3 + 108*o**2 - 53*o - 56. What is c(1)?
154
Let l(b) = -4*b**2 - 326*b - 508. Determine l(-81).
-346
Let p(b) = -37*b**2 - 241*b - 237. Determine p(-1).
-33
Let w(m) = 27625*m + 524394. What is w(-19)?
-481
Let j(d) = -2634*d + 15804. Give j(6).
0
Let v(k) = -k**2 - 374233*k + 1496940. Give v(4).
-8
Let k(v) = -5378*v - 1694069. Give k(-315).
1
Let q(x) = x**3 + 4044*x**2 + 309338*x - 781. What is q(-78)?
-1
Let u(t) = 7*t**2 + 399*t - 2624. Give u(-63).
22
Let w(h) = h**3 + 35*h**2 + 107*h - 1419. Determine w(-10).
11
Let v(j) = 5274*j**2 + 15809*j - 25. Determine v(-3).
14
Let s(l) = l**3 + 82*l**2 - 83*l + 286. What is s(-83)?
286
Let m(c) = -10187*c + 2271729. Calculate m(223).
28
Let f(r) = -r**3 - 7*r**2 - 790*r - 7257. Give f(-9).
15
Let k(s) = -s**3 + 9*s**2 - 11615*s + 92850. Give k(8).
-6
Let z(y) = -6722*y + 1875442. Determine z(279).
4
Let k(z) = 6*z**3 - 6025*z**2 - 4933*z - 92422. What is k(1005)?
38
Let q(b) = 18891*b - 209259. Determine q(11).
-1458
Let d(r) = -r**3 - 88*r**2 + 96*r + 214. Calculate d(-89).
-409
Let g(j) = -6887684*j - 48213786. Calculate g(-7).
2
Let w(a) = 16*a**2 - 2182*a - 1365. Determine w(137).
5
Let d(w) = -3*w**3 + 57*w**2 + 395*w + 295. Give d(-5).
120
Let m(u) = 4*u**3 + 88*u**2 + 167*u + 83. Determine m(-20).
-57
Let q(i) = 5*i**2 + 229564*i - 1377466. What is q(6)?
98
Let a(m) = m**3 - 76*m**2 + 326*m - 773. Calculate a(72).
1963
Let k(r) = 23798*r + 1832437. Give k(-77).
-9
Let a(y) = -10035*y + 90313. Calculate a(9).
-2
Let k(o) = 2838*o - 17795. What is k(6)?
-767
Let j(w) = -28*w**2 + 420*w - 3202. What is j(8)?
-1634
Let u(n) = -12*n**2 - 712*n - 3450. What is u(-54)?
6
Let k(m) = 3106*m + 37284. Calculate k(-12).
12
Let s(c) = c**3 - 3*c**2 - 552*c + 2217. Calculate s(4).
25
Let r(u) = -18*u**2 - 24*u + 711. Give r(-9).
-531
Let x(w) = w**3 + 148*w**2 + 1182*w + 8558. Give x(-140).
-122
Let r(f) = 10*f**3 + 1171*f**2 - 4*f - 14155. Calculate r(-117).
2
Let u(i) = -4512*i - 50511. Determine u(-11).
-879
Let p(k) = -k**2 - 511*k + 70043. Calculate p(-623).
267
Let o(q) = q**2 - 259*q - 28349. Calculate o(-77).
-2477
Let x(g) = -3*g**3 + 40*g**2 - 104*g + 31. Determine x(10).
-9
Let v(w) = 13467*w - 40357. Give v(3).
44
Let r(t) = 18*t**2 - 3*t - 1970. Calculate r(11).
175
Let c(f) = f**3 + 139*f**2 + 4736*f - 585. Give c(-79).
-269
Let m(l) = 13*l**2 - 8672*l - 43323. Determine m(-5).
362
Let g(f) = -14*f**3 + 10638*f**2 + 1518*f + 1506. Calculate g(760).
-14
Let w(g) = g**3 - 280*g**2 + 1388*g - 61. Determine w(5).
4
Let n(l) = -2*l**3 + 118*l**2 + 574*l + 7. Give n(-5).
337
Let r(o) = 8*o**2 - 2347*o + 11801. What is r(5)?
266
Let p(d) = 1231*d**2 + 1237*d + 7